t is the hundreds digit of 329295?
2
What is the units digit of 24610109?
9
What is the hundred thousands digit of 9876380?
8
What is the millions digit of 6006281?
6
What is the tens digit of 72014?
1
What is the units digit of 745812?
2
What is the units digit of 3647154?
4
What is the hundred thousands digit of 364520?
3
What is the units digit of 2917873?
3
What is the ten millions digit of 27063185?
2
What is the thousands digit of 17835827?
5
What is the hundred thousands digit of 11413856?
4
What is the ten thousands digit of 327290?
2
What is the thousands digit of 4430069?
0
What is the tens digit of 5896613?
1
What is the thousands digit of 279829?
9
What is the thousands digit of 65849?
5
What is the millions digit of 1484960?
1
What is the hundred thousands digit of 4291852?
2
What is the hundreds digit of 48131?
1
What is the thousands digit of 996206?
6
What is the thousands digit of 20297212?
7
What is the hundred thousands digit of 283214?
2
What is the units digit of 2093344?
4
What is the thousands digit of 3229208?
9
What is the millions digit of 1346466?
1
What is the hundreds digit of 464742?
7
What is the tens digit of 905214?
1
What is the tens digit of 6609096?
9
What is the tens digit of 24470746?
4
What is the thousands digit of 7914240?
4
What is the units digit of 130094?
4
What is the tens digit of 52460?
6
What is the thousands digit of 181854?
1
What is the units digit of 1658481?
1
What is the units digit of 388533?
3
What is the ten thousands digit of 457803?
5
What is the tens digit of 20555654?
5
What is the hundreds digit of 316581?
5
What is the tens digit of 2453773?
7
What is the hundred thousands digit of 2257471?
2
What is the hundreds digit of 1065395?
3
What is the hundreds digit of 3675240?
2
What is the units digit of 345865?
5
What is the hundred thousands digit of 900262?
9
What is the ten thousands digit of 349335?
4
What is the hundreds digit of 1422280?
2
What is the units digit of 1340068?
8
What is the thousands digit of 58939?
8
What is the units digit of 40833?
3
What is the hundreds digit of 1732323?
3
What is the thousands digit of 203173?
3
What is the thousands digit of 7971457?
1
What is the units digit of 303364?
4
What is the units digit of 3604873?
3
What is the hundreds digit of 3933370?
3
What is the units digit of 4107648?
8
What is the thousands digit of 1378820?
8
What is the hundreds digit of 9989485?
4
What is the ten thousands digit of 2171850?
7
What is the hundreds digit of 12238?
2
What is the thousands digit of 95891?
5
What is the ten thousands digit of 6644570?
4
What is the ten thousands digit of 2082019?
8
What is the units digit of 16020908?
8
What is the ten thousands digit of 1192482?
9
What is the tens digit of 490321?
2
What is the tens digit of 10564765?
6
What is the millions digit of 2246510?
2
What is the thousands digit of 4581850?
1
What is the thousands digit of 4613716?
3
What is the units digit of 361354?
4
What is the millions digit of 2639954?
2
What is the thousands digit of 20290674?
0
What is the millions digit of 1150771?
1
What is the hundred thousands digit of 2665559?
6
What is the ten millions digit of 16824730?
1
What is the ten thousands digit of 252142?
5
What is the units digit of 1795452?
2
What is the ten thousands digit of 740495?
4
What is the hundred thousands digit of 292586?
2
What is the ten thousands digit of 372853?
7
What is the tens digit of 946936?
3
What is the units digit of 26657546?
6
What is the ten thousands digit of 1092446?
9
What is the tens digit of 222454?
5
What is the hundreds digit of 6452353?
3
What is the hundreds digit of 4972106?
1
What is the hundreds digit of 514903?
9
What is the hundred thousands digit of 1772534?
7
What is the hundred thousands digit of 228109?
2
What is the ten thousands digit of 227372?
2
What is the ten thousands digit of 18955914?
5
What is the hundreds digit of 282394?
3
What is the hundred thousands digit of 2778551?
7
What is the thousands digit of 3079722?
9
What is the ten thousands digit of 4466346?
6
What is the thousands digit of 32401?
2
What is the hundred thousands digit of 1889097?
8
What is the thousands digit of 73262?
3
What is the millions digit of 13433679?
3
What is the units digit of 7361752?
2
What is the ten thousands digit of 478586?
7
What is the hundreds digit of 10814867?
8
What is the hundreds digit of 2360129?
1
What is the hundreds digit of 353689?
6
What is the tens digit of 2270620?
2
What is the ten thousands digit of 480877?
8
What is the hundred thousands digit of 1765498?
7
What is the tens digit of 20440?
4
What is the tens digit of 81648?
4
What is the units digit of 2108372?
2
What is the millions digit of 4414341?
4
What is the ten thousands digit of 2245736?
4
What is the thousands digit of 26319786?
9
What is the units digit of 7201?
1
What is the thousands digit of 597220?
7
What is the hundreds digit of 273424?
4
What is the hundred thousands digit of 4629840?
6
What is the tens digit of 97353?
5
What is the hundreds digit of 8428662?
6
What is the tens digit of 189365?
6
What is the hundreds digit of 238015?
0
What is the thousands digit of 5380087?
0
What is the hundred thousands digit of 228868?
2
What is the ten millions digit of 21838657?
2
What is the hundreds digit of 430835?
8
What is the hundred thousands digit of 1350921?
3
What is the thousands digit of 323639?
3
What is the ten thousands digit of 630458?
3
What is the tens digit of 15596476?
7
What is the units digit of 27904?
4
What is the millions digit of 3925913?
3
What is the ten thousands digit of 21674796?
7
What is the thousands digit of 218965?
8
What is the ten thousands digit of 1368114?
6
What is the ten thousands digit of 393039?
9
What is the units digit of 4367834?
4
What is the thousands digit of 582758?
2
What is the units digit of 144582?
2
What is the ten thousands digit of 15620723?
2
What is the thousands digit of 10711398?
1
What is the units digit of 9216092?
2
What is the thousands digit of 30138092?
8
What is the millions digit of 1063678?
1
What is the hundred thousands digit of 716477?
7
What is the tens digit of 5441076?
7
What is the units digit of 63538?
8
What is the units digit of 377788?
8
What is the hundred thousands digit of 101581?
1
What is the millions digit of 17891547?
7
What is the thousands digit of 2083933?
3
What is the hundred thousands digit of 1233170?
2
What is the tens digit of 222811?
1
What is the units digit of 239151?
1
What is the hundreds digit of 1143856?
8
What is the ten thousands digit of 3955950?
5
What is the hundreds digit of 185635?
6
What is the hundred thousands digit of 185176?
1
What is the hundreds digit of 763941?
9
What is the hundred thousands digit of 2424509?
4
What is the hundred thousands digit of 527147?
5
What is the hundreds digit of 6005120?
1
What is the tens digit of 16834133?
3
What is the units digit of 758683?
3
What is the hundred thousands digit of 4371427?
3
What is the tens digit of 590792?
9
What is the thousands digit of 252162?
2
What is the thousands digit of 12256439?
6
What is the tens digit of 9884797?
9
What is the units digit of 680327?
7
What is the tens digit of 18990532?
3
What is the ten thousands digit of 2196529?
9
What is the hundred thousands digit of 7086058?
0
What is the units digit of 9676643?
3
What is the tens digit of 13668344?
4
What is the units digit of 43866737?
7
What is the hundreds digit of 408727?
7
What is the thousands digit of 177506?
7
What is the units digit of 88162?
2
What is the tens digit of 602582?
8
What is the tens digit of 1818247?
4
What is the units digit of 57025?
5
What is the hundreds digit of 11369?
3
What is the hundred thousands digit of 708795?
7
What is the hundred thousands digit of 1920506?
9
What is the ten thousands digit of 97254?
9
What is the millions digit of 3240635?
3
What is the thousands digit of 207608?
7
What is the units digit of 250044?
4
What is the hundreds digit of 40847449?
4
What is the hundred thousands digit of 992283?
9
What is the ten thousands digit of 779332?
7
What is the thousands digit of 125215?
5
What is the thousands digit of 302297?
2
What is the hundred thousands digit of 21948049?
9
What is the thou